{"id":19267,"date":"2023-05-02T19:18:52","date_gmt":"2023-05-02T19:18:52","guid":{"rendered":"https:\/\/eduprofil.com\/?post_type=resume&#038;p=19267"},"modified":"2023-05-02T19:18:52","modified_gmt":"2023-05-02T19:18:52","slug":"mohamed-j5vk2ym-marketeur-et-responsable-commercial-agadir","status":"publish","type":"resume","link":"https:\/\/eduprofil.com\/fr\/CV\/mohamed-j5vk2ym-marketeur-et-responsable-commercial-agadir\/","title":{"rendered":"Mohamed ***** **********"},"content":{"rendered":"<p>Mohamed Amine Bouazzaoui, 24 ans , Titulaire d&#8217;un Master en Marketing Digital, d&#8217;une licence en Marketing Gestion Commerciale et d&#8217;un dipl\u00f4me de technicien sp\u00e9cialise en Commerce. Pour mes exp\u00e9riences, j&#8217;ai d\u00e9put\u00e9 ma carri\u00e8re dans un centre d&#8217;appel en tant que conseiller client pour le projet Eni (Fournisseur de Gaz et Electricit\u00e9), apr\u00e8s j&#8217;ai effectu\u00e9 un stage au sein de la soci\u00e9t\u00e9 Bineg qui se situe au Port d&#8217;Agadir en tant que Commercial, j&#8217;ai travaill\u00e9 \u00e9galement au sein de la multinationale Andritz Gmbh en tant que Administrateur Commercial, et j&#8217;ai travailler aussi en tant que D\u00e9l\u00e9gu\u00e9 M\u00e9dical avec la boite de promotion Natalina, Actuellement je travail en tant que T\u00e9l\u00e9 commercial au sein du centre d&#8217;appel OAMI BUSINESS pour le fournisseur de gaz et \u00e9lectricit\u00e9 en Belgique Mega.<\/p>","protected":false},"excerpt":{"rendered":"<p>Mohamed Amine Bouazzaoui, 24 ans , Titulaire d&#8217;un Master en Marketing Digital, d&#8217;une licence en Marketing Gestion Commerciale et d&#8217;un dipl\u00f4me de technicien sp\u00e9cialise en Commerce. Pour mes exp\u00e9riences, j&#8217;ai&#8230;<\/p>","protected":false},"author":2656,"comment_status":"open","ping_status":"closed","template":"","meta":{"content-type":"","_themeisle_gutenberg_block_has_review":false,"_candidate_title":"Marketeur et Responsable Commercial","_candidate_email":"amineracinepro@gmail.com","_candidate_location":"Agadir","_candidate_photo":"https:\/\/eduprofil.com\/wp-content\/uploads\/job-manager-uploads\/candidate_photo\/2023\/05\/Photo-3606.jpg","_candidate_video":"","_resume_file":"https:\/\/eduprofil.com\/wp-content\/uploads\/resumes\/resume_files\/2023\/05\/CV-Master-recent.pdf","_featured":0},"resume_region":[219],"resume-categories":[224,223],"resume-skill":[],"class_list":["post-19267","resume","type-resume","status-publish","hentry","resume_region-souss-massa","resume_category-business-and-operations","resume_category-educational-leadership"],"acf":[],"_links":{"self":[{"href":"https:\/\/eduprofil.com\/fr\/wp-json\/wp\/v2\/resumes\/19267","targetHints":{"allow":["GET"]}}],"collection":[{"href":"https:\/\/eduprofil.com\/fr\/wp-json\/wp\/v2\/resumes"}],"about":[{"href":"https:\/\/eduprofil.com\/fr\/wp-json\/wp\/v2\/types\/resume"}],"author":[{"embeddable":true,"href":"https:\/\/eduprofil.com\/fr\/wp-json\/wp\/v2\/users\/2656"}],"replies":[{"embeddable":true,"href":"https:\/\/eduprofil.com\/fr\/wp-json\/wp\/v2\/comments?post=19267"}],"wp:attachment":[{"href":"https:\/\/eduprofil.com\/fr\/wp-json\/wp\/v2\/media?parent=19267"}],"wp:term":[{"taxonomy":"resume_region","embeddable":true,"href":"https:\/\/eduprofil.com\/fr\/wp-json\/wp\/v2\/resume_region?post=19267"},{"taxonomy":"resume_category","embeddable":true,"href":"https:\/\/eduprofil.com\/fr\/wp-json\/wp\/v2\/resume-categories?post=19267"},{"taxonomy":"resume_skill","embeddable":true,"href":"https:\/\/eduprofil.com\/fr\/wp-json\/wp\/v2\/resume-skill?post=19267"}],"curies":[{"name":"wp","href":"https:\/\/api.w.org\/{rel}","templated":true}]}}

<p>Mohamed Amine Bouazzaoui, 24 ans , Titulaire d&#8217;un Master en Marketing Digital, d&#8217;une licence en Marketing Gestion Commerciale et d&#8217;un diplôme de technicien spécialise en Commerce. Pour mes expériences, j&#8217;ai député ma carrière dans un centre d&#8217;appel en tant que conseiller client pour le projet Eni (Fournisseur de Gaz et Electricité), après j&#8217;ai effectué un stage au sein de la société Bineg qui se situe au Port d&#8217;Agadir en tant que Commercial, j&#8217;ai travaillé également au sein de la multinationale Andritz Gmbh en tant que Administrateur Commercial, et j&#8217;ai travailler aussi en tant que Délégué Médical avec la boite de promotion Natalina, Actuellement je travail en tant que Télé commercial au sein du centre d&#8217;appel OAMI BUSINESS pour le fournisseur de gaz et électricité en Belgique Mega.</p>

<p>Mohamed Amine Bouazzaoui, 24 ans , Titulaire d&#8217;un Master en Marketing Digital, d&#8217;une licence en Marketing Gestion Commerciale et d&#8217;un diplôme de technicien spécialise en Commerce. Pour mes expériences, j&#8217;ai&#8230;</p>
